e factors of w*303/(-18)*10.
5, 101
Let f(y) = -121*y**3 + 6*y**2 - 6*y + 16. List the prime factors of f(-3).
5, 11, 61
Let w = -1716 - -351. List the prime factors of 2/(-13) + (-883365)/w.
647
Suppose -3*u + 73796 = u + 26520. List the prime factors of u.
53, 223
Let q(i) = 128*i**2 + 220*i + 1511. List the prime factors of q(-7).
3, 2081
Let u = -1534 - -5893. Suppose u + 5742 = 13*t. What are the prime factors of t?
3, 7, 37
Suppose 3*m - 57262 = -a, -12218 + 31275 = m - 4*a. What are the prime factors of m?
5, 11, 347
Let j = -1443 - -919. Let v = -257 - j. Let i = v + -97. List the prime factors of i.
2, 5, 17
Suppose -9784 = -12*m - 544. Let x = -328 + m. List the prime factors of x.
2, 13, 17
Let k = 1 + 4. Suppose -2376 = k*j - 14*j. Suppose l - j = -l. What are the prime factors of l?
2, 3, 11
Let o = 41 + -29. Suppose 2*q - 3*s - 2*s = 8, 2*s + o = 3*q. Suppose 10*k - 9*k - q = 0. What are the prime factors of k?
2
Let a(n) = 4*n - 44*n - 2*n. Suppose 0*q - 3*q - 5 = j, 3*q + 4 = -2*j. List the prime factors of a(q).
2, 3, 7
Suppose 0 = -5*f + 3*s + 33662, -84*s + 82*s = 8. List the prime factors of f.
2, 5, 673
Suppose -3*h + 2*j = -97297, -h + 3*j + 23578 + 8838 = 0. What are the prime factors of h?
163, 199
Let o = -230 + 291. Suppose -473 - o = -6*p. What are the prime factors of p?
89
Let s(o) = -2*o**3 + 103*o**2 + 48*o - 395. List the prime factors of s(29).
2, 19421
Suppose 3*q = 20*q - 30131 - 153639. What are the prime factors of q?
2, 5, 23, 47
Let t = -2165 + 3236. Suppose 29*f + t = 32*f. List the prime factors of f.
3, 7, 17
Let n be (-53)/(-5) + 114/(-190). Suppose 5*o + 4*k - 4371 = 0, 0 = 15*o - n*o + 3*k - 4367. What are the prime factors of o?
13, 67
Let t(s) = -s**3 + 12*s**2 - 9*s - 27. Let h be t(11). Let r(v) = -v**2 - 15*v - 26. Let f be r(h). Let g = f + -3. What are the prime factors of g?
3, 7
Suppose u + 3*x = 363 + 752, 2*u - 2266 = 3*x. Let d = 752 + u. What are the prime factors of d?
1879
Let h(s) = 180*s + 770. List the prime factors of h(16).
2, 5, 73
Suppose 34349 = 20*t + 12389. Suppose -3*u + t = 6*u. What are the prime factors of u?
2, 61
Suppose 54196 = 16*n - 10796. What are the prime factors of n?
2, 3, 677
Suppose 422*a + 229886 = 422537 + 12493091. List the prime factors of a.
23, 1307
Let j(m) = 3*m**2 + 16*m + 90. Let y = 276 + -288. List the prime factors of j(y).
2, 3, 5, 11
Let w = -1274 - -235. Let r = w + 1489. List the prime factors of r.
2, 3, 5
Let i(x) = -2*x**3 + 11*x**2 - 5*x - 9. Let p be i(7). Let w = p + 1477. What are the prime factors of w/8 + 12/48?
7, 23
Let t(y) = -y**3 - 11*y**2 - 19*y + 1. Let l be t(-9). Suppose p + 882 = 2*s, -p = 4*p - l. What are the prime factors of s?
2, 13, 17
Suppose 4*z - 5*y - 2553 = 0, z = -3*z - 5*y + 2503. Suppose 5*l = 3*p + 202 + z, 0 = -2*p + 4. Suppose -3*s = -18 - l. What are the prime factors of s?
2, 31
Suppose -99*w + 103*w + 5*s = 218697, -s = -3*w + 163980. What are the prime factors of w?
3, 7, 19, 137
Let d(y) = -y**2 - 8*y + 19. Let a(k) = k**2 + 8*k - 19. Let w be 0/(-4) - 3/(-1). Let g(q) = w*a(q) + 4*d(q). What are the prime factors of g(-8)?
19
Suppose -x + 5*k = -75, 4*k + 13 = -3. Let l = x - -362. What are the prime factors of l?
3, 139
Let v(n) = -536*n - 61. Let l be v(-7). Suppose -4*f + l = -3*j, 3685 = -0*f + 4*f + 3*j. What are the prime factors of (-1 + f)*1/3?
307
Let m(o) = -3*o + 1. Let i be m(9). Let w be (-500)/(-70) + -2 + i/(-14). Let q = w - -18. What are the prime factors of q?
5
Let v = -1470 - -2140. Suppose -1012 = -3*j + 5*c, -2*c + 3*c = 2*j - v. List the prime factors of j.
2, 167
What are the prime factors of (1 - 3)/((-1)/(-6)*-3) + 3392?
2, 3, 283
Let k(v) = -30*v + 91. Let m be k(3). Let d(q) = 852*q**3 - q**2 + 19*q - 19. What are the prime factors of d(m)?
23, 37
What are the prime factors of (14829/9*3)/(7/14)?
2, 4943
Let s be 3/(156/555 + 3/(-15)). Suppose s*i - 30*i = 8946. List the prime factors of i.
2, 3, 71
Let w(m) be the third derivative of m**5/60 - 7*m**4/12 - 2*m**3 - 26*m**2. Let p be w(16). Suppose 22*o - p*o - 10 = 0. What are the prime factors of o?
5
What are the prime factors of (-23)/(368/(-174960)) + -3?
2, 3, 911
Let p be 2/14*-2 - 50280/420. Let h = 537 - p. List the prime factors of h.
3, 73
Suppose 2*x - 7*x + 1285 = 0. Suppose -2*j - 514 = 2*p, -5*j = -2*p + 3*p + x. Let b = p - -405. What are the prime factors of b?
2, 37
List the prime factors of (-6055)/((-2)/(-39) - (-2952)/(-2808)).
5, 7, 173
Let m(t) = -70*t - 17. Let r(y) = -71*y - 17. Let f(z) = 6*m(z) - 5*r(z). What are the prime factors of f(-6)?
373
Let y(f) = 238 - 12*f - 155 - 9*f + 296. What are the prime factors of y(-53)?
2, 373
Let u(b) = 328*b - 8. Suppose -2*d + 19 = 5*q, 0 = 6*q - 11*q - d + 17. List the prime factors of u(q).
2, 61
Let k(h) be the first derivative of 26*h**3/3 - 14*h**2 - 107*h - 88. What are the prime factors of k(-4)?
421
Let o be 2655/(-18)*(3 - 5). Let j = o + 301. List the prime factors of j.
2, 149
Suppose 0 = -15*x + 8843 + 10837. Let a = -871 + x. What are the prime factors of a?
3, 7
Let u(k) = 126*k**2 + 3*k. Let a be u(2). Suppose 5*c - 475 = a. Suppose -9 = i - y - c, -i - 3*y = -172. What are the prime factors of i?
2, 23
What are the prime factors of 41/((-5453)/38) - 57213/(-7)?
11, 743
What are the prime factors of -2 - (-9156 + (1 - -7))?
2, 17, 269
Let u be 760/12*4/((-56)/(-21)). Let o = 462 + u. List the prime factors of o.
557
Let j be -1*102/(9/(-3)). Let y = -35 + j. List the prime factors of ((-92)/y)/(7/(7/2)).
2, 23
Let k = 14391 + -4488. List the prime factors of k.
3, 3301
What are the prime factors of 216132/16 + 5 - 17/68?
13513
Let j = -242 - -168. Let g = 81 + j. Let t = g + 31. List the prime factors of t.
2, 19
Suppose -5*a = -0*f + 3*f - 1996, -5*f + 5*a + 3340 = 0. Let r = f - -253. What are the prime factors of r?
2, 5, 23
What are the prime factors of 2*3724 - (-88 - -75)?
3, 829
What are the prime factors of (-1394926)/(-54) - 166/(-4482)?
2, 3229
Let y(a) be the third derivative of -a**6/120 - 2*a**5/15 + 5*a**3/6 - 20*a**2. Let v be y(-8). Let h(b) = 5*b - 9. List the prime factors of h(v).
2
Suppose 4*o - r = 771, 3*o + 2*o - 945 = -5*r. Let v = 556 - o. What are the prime factors of v?
2, 7, 13
Let t = 50 + -40. Suppose -t*i + 2514 = -7*i. List the prime factors of i.
2, 419
Let h be 2/(-8)*-20*(4 - 3). Suppose -2*m - 5*u = -2037, -2851 - 1238 = -4*m + h*u. What are the prime factors of m?
1021
Let x = -29 - -34. Suppose z - 2*z + 213 = -4*y, x*z = y + 39. Let v = y + 97. What are the prime factors of v?
43
Let w = -90 - -292. Suppose -w = -5*v + 88. What are the prime factors of v?
2, 29
Let d(t) be the first derivative of 19*t**3/3 + t**2 - t - 235. Suppose 4*g - 3 = 1. What are the prime factors of d(g)?
2, 5
Suppose 8*l - 57943 - 9438 = 23995. List the prime factors of l.
2, 5711
Let a = -174 - -178. Suppose a*c - 4*j - 828 = 0, 4*c - j - 428 = 385. What are the prime factors of c?
2, 101
Suppose -4*p + 53939 = -3*q - 17743, -4*p - 10*q + 71760 = 0. List the prime factors of p.
3, 5, 239
Suppose -44*q + 2502912 = -32*q + 116*q. List the prime factors of q.
2, 3, 3259
Let v(j) = -j**3 + j**2 + 7*j + 2. Let p(c) = 7*c**3. Let x be p(1). Let g be v(x). Let l = -159 - g. What are the prime factors of l?
2, 3, 7
Let k be (-8)/48*9*-4. Suppose -22*m - k*m + 18984 = 0. List the prime factors of m.
2, 3, 113
Let r = 19 + 17. Let s = r + -36. Suppose s = -h + 16 + 64. List the prime factors of h.
2, 5
Suppose -4*o + o + 3*n = 0, -4*o + 24 = 4*n. Suppose o*m = 0, 2*m - 3096 - 354 = -5*l. List the prime factors of l.
2, 3, 5, 23
Let z = -446 + 443. List the prime factors of 1129/(-15)*z*5.
1129
Let n = 241 + -241. Let k(a) = -a**2 + 4*a + 530. What are the prime factors of k(n)?
2, 5, 53
Let n = 35612 + -27180. List the prime factors of n.
2, 17, 31
Let c(h) = 802*h + 4302. List the prime factors of c(10).
2, 61, 101
Let z = 8 + -24. Let o = z - -20. Suppose -o*r = -12, p - 2 - 1 = 5*r. List the prime factors of p.
2, 3
List the prime factors of (-61730)/10*-1 - -3.
2, 193
Suppose 4*f + o - 9490 = 17849, -25 = 5*o. What are the prime factors of f?
2, 1709
Let i(o) = -o**2 + 15*o - 6. Let v(y) = -y**3 + 6*y**2 - 3*y + 2. Let n be v(5). Li